{"id":1117,"date":"2023-09-06T10:20:24","date_gmt":"2023-09-06T09:20:24","guid":{"rendered":"https:\/\/www.iuma.ulpgc.es\/gustavo\/?page_id=1117"},"modified":"2023-09-29T10:55:18","modified_gmt":"2023-09-29T09:55:18","slug":"nerea-marquez","status":"publish","type":"page","link":"https:\/\/www.iuma.ulpgc.es\/gustavo\/nerea-marquez\/","title":{"rendered":"Nerea M\u00e1rquez"},"content":{"rendered":"\n<div class=\"wp-block-group is-nowrap is-layout-flex wp-container-core-group-is-layout-64989fb1 wp-block-group-is-layout-flex\">\n<div class=\"wp-block-group is-vertical is-layout-flex wp-container-core-group-is-layout-b7faace9 wp-block-group-is-layout-flex\">\n<figure class=\"wp-block-image size-thumbnail\"><img loading=\"lazy\" decoding=\"async\" width=\"150\" height=\"150\" src=\"https:\/\/www.iuma.ulpgc.es\/gustavo\/wp-content\/uploads\/2023\/09\/WhatsApp-Image-2023-09-05-at-08.42.19-150x150.jpeg\" alt=\"\" class=\"wp-image-1079\"\/><\/figure>\n\n\n\n<h2 class=\"wp-block-heading\">Contact Information<\/h2>\n\n\n\n<p><strong>University Institute of Applied Microelectronics<\/strong><\/p>\n\n\n\n<p>University of Las Palmas de Gran Canaria, Espa\u00f1a<\/p>\n\n\n\n<p>Email:&nbsp;<\/p>\n\n\n\n<p><\/p>\n<\/div>\n\n\n\n<div style=\"height:100px;width:0px\" aria-hidden=\"true\" class=\"wp-block-spacer wp-container-content-6388d5dc\"><\/div>\n\n\n\n<div class=\"wp-block-group is-vertical is-layout-flex wp-container-core-group-is-layout-b7faace9 wp-block-group-is-layout-flex\">\n<p><strong>Nerea M\u00e1rquez Su\u00e1rez<\/strong> is a recently graduated from Electronic and Automatic Engineering bachelor\u2019s degree at the University of Las Palmas de Gran Canaria, Spain. She completed her degree between 2019 and 2023.<\/p>\n\n\n\n<p>During this time, she has acquired professional experience by collaborating with the Integrated System Design Division at IUMA in some projects, doing her final degree project developing a new hyperspectral capture system for medical applications.<\/p>\n\n\n\n<p>Currently, she is a researcher hired by the program called \u201cinvestigo\u201d, funded by the European Union Next Generation, for one year, which will end in 2024, and at the same time, is studying the Biomedical Engineering and digital health distance master\u00b4s degree at the University of Sevilla.<\/p>\n<\/div>\n<\/div>\n\n\n\n<div style=\"height:50px\" aria-hidden=\"true\" class=\"wp-block-spacer\"><\/div>\n\n\n\n<div class=\"wp-block-group is-vertical is-content-justification-center is-layout-flex wp-container-core-group-is-layout-4b2eccd6 wp-block-group-is-layout-flex\">\n<div class=\"wp-block-group wp-container-content-9cfa9a5a is-nowrap is-layout-flex wp-container-core-group-is-layout-ad2f72ca wp-block-group-is-layout-flex\">\n<figure class=\"wp-block-image size-full is-resized wp-container-content-9cfa9a5a\"><img decoding=\"async\" src=\"https:\/\/www.iuma.ulpgc.es\/gustavo\/wp-content\/uploads\/2023\/04\/scholar.png\" alt=\"\" class=\"wp-image-797\" style=\"width:100px\" width=\"100\" srcset=\"https:\/\/www.iuma.ulpgc.es\/gustavo\/wp-content\/uploads\/2023\/04\/scholar.png 1024w, https:\/\/www.iuma.ulpgc.es\/gustavo\/wp-content\/uploads\/2023\/04\/scholar-300x300.png 300w, https:\/\/www.iuma.ulpgc.es\/gustavo\/wp-content\/uploads\/2023\/04\/scholar-150x150.png 150w, https:\/\/www.iuma.ulpgc.es\/gustavo\/wp-content\/uploads\/2023\/04\/scholar-768x768.png 768w\" sizes=\"(max-width: 1024px) 100vw, 1024px\" \/><\/figure>\n\n\n\n<figure class=\"wp-block-image size-large is-resized wp-container-content-9cfa9a5a\"><img decoding=\"async\" src=\"https:\/\/www.iuma.ulpgc.es\/gustavo\/wp-content\/uploads\/2023\/04\/ORCID_iDpng-1024x1024.png\" alt=\"\" class=\"wp-image-798\" style=\"width:100px\" width=\"100\" srcset=\"https:\/\/www.iuma.ulpgc.es\/gustavo\/wp-content\/uploads\/2023\/04\/ORCID_iDpng-1024x1024.png 1024w, https:\/\/www.iuma.ulpgc.es\/gustavo\/wp-content\/uploads\/2023\/04\/ORCID_iDpng-300x300.png 300w, https:\/\/www.iuma.ulpgc.es\/gustavo\/wp-content\/uploads\/2023\/04\/ORCID_iDpng-150x150.png 150w, https:\/\/www.iuma.ulpgc.es\/gustavo\/wp-content\/uploads\/2023\/04\/ORCID_iDpng-768x768.png 768w, https:\/\/www.iuma.ulpgc.es\/gustavo\/wp-content\/uploads\/2023\/04\/ORCID_iDpng-1536x1536.png 1536w, https:\/\/www.iuma.ulpgc.es\/gustavo\/wp-content\/uploads\/2023\/04\/ORCID_iDpng.png 2048w\" sizes=\"(max-width: 1024px) 100vw, 1024px\" \/><\/figure>\n\n\n\n<figure class=\"wp-block-image size-full is-resized wp-container-content-9cfa9a5a\"><img decoding=\"async\" src=\"https:\/\/www.iuma.ulpgc.es\/gustavo\/wp-content\/uploads\/2023\/04\/LinkedIn.png\" alt=\"\" class=\"wp-image-799\" style=\"width:100px\" width=\"100\" srcset=\"https:\/\/www.iuma.ulpgc.es\/gustavo\/wp-content\/uploads\/2023\/04\/LinkedIn.png 640w, https:\/\/www.iuma.ulpgc.es\/gustavo\/wp-content\/uploads\/2023\/04\/LinkedIn-300x300.png 300w, https:\/\/www.iuma.ulpgc.es\/gustavo\/wp-content\/uploads\/2023\/04\/LinkedIn-150x150.png 150w\" sizes=\"(max-width: 640px) 100vw, 640px\" \/><\/figure>\n<\/div>\n\n\n\n<figure class=\"wp-block-image size-full is-resized wp-container-content-9cfa9a5a\"><img decoding=\"async\" src=\"https:\/\/www.iuma.ulpgc.es\/gustavo\/wp-content\/uploads\/2023\/04\/cvn_CVG.bmp\" alt=\"\" class=\"wp-image-831\" style=\"width:300px\" width=\"300\"\/><\/figure>\n<\/div>\n","protected":false},"excerpt":{"rendered":"<p>Contact Information University Institute of Applied Microelectronics University of Las Palmas de Gran Canaria, Espa\u00f1a Email:&nbsp; Nerea M\u00e1rquez Su\u00e1rez is a recently graduated from Electronic and Automatic Engineering bachelor\u2019s degree at the University of Las Palmas de Gran Canaria, Spain. She completed her degree between 2019 and 2023. During this time, she has acquired professional &hellip; <a href=\"https:\/\/www.iuma.ulpgc.es\/gustavo\/nerea-marquez\/\" class=\"more-link\">Continue reading <span class=\"screen-reader-text\">Nerea M\u00e1rquez<\/span> <span class=\"meta-nav\">&rarr;<\/span><\/a><\/p>\n","protected":false},"author":1,"featured_media":0,"parent":0,"menu_order":0,"comment_status":"closed","ping_status":"closed","template":"","meta":{"footnotes":""},"class_list":["post-1117","page","type-page","status-publish","hentry"],"_links":{"self":[{"href":"https:\/\/www.iuma.ulpgc.es\/gustavo\/wp-json\/wp\/v2\/pages\/1117","targetHints":{"allow":["GET"]}}],"collection":[{"href":"https:\/\/www.iuma.ulpgc.es\/gustavo\/wp-json\/wp\/v2\/pages"}],"about":[{"href":"https:\/\/www.iuma.ulpgc.es\/gustavo\/wp-json\/wp\/v2\/types\/page"}],"author":[{"embeddable":true,"href":"https:\/\/www.iuma.ulpgc.es\/gustavo\/wp-json\/wp\/v2\/users\/1"}],"replies":[{"embeddable":true,"href":"https:\/\/www.iuma.ulpgc.es\/gustavo\/wp-json\/wp\/v2\/comments?post=1117"}],"version-history":[{"count":8,"href":"https:\/\/www.iuma.ulpgc.es\/gustavo\/wp-json\/wp\/v2\/pages\/1117\/revisions"}],"predecessor-version":[{"id":1167,"href":"https:\/\/www.iuma.ulpgc.es\/gustavo\/wp-json\/wp\/v2\/pages\/1117\/revisions\/1167"}],"wp:attachment":[{"href":"https:\/\/www.iuma.ulpgc.es\/gustavo\/wp-json\/wp\/v2\/media?parent=1117"}],"curies":[{"name":"wp","href":"https:\/\/api.w.org\/{rel}","templated":true}]}}