{"id":1326,"date":"2020-06-02T20:46:21","date_gmt":"2020-06-02T20:46:21","guid":{"rendered":"https:\/\/www.iuma.ulpgc.es\/meta\/objetivos-competencias-copy\/"},"modified":"2020-09-21T10:00:27","modified_gmt":"2020-09-21T10:00:27","slug":"objetivos-competencias","status":"publish","type":"page","link":"https:\/\/www.iuma.ulpgc.es\/meta\/objetivos-competencias\/","title":{"rendered":"Objetivos-Competencias"},"content":{"rendered":"<p><\/p>\n\n\n<p><strong>Objetivos<\/strong><\/p>\n<p>A lo largo del curso se adquirir\u00e1n capacidades, tanto desde el punto de vista metodol\u00f3gico como instrumental, que facilitan al estudiante su inserci\u00f3n en departamentos de investigaci\u00f3n de empresas del sector, o la continuaci\u00f3n de su investigaci\u00f3n en el desarrollo de un tema de inter\u00e9s encaminado a obtener el t\u00edtulo de doctor. Para ello, se pretende ofrecer una opci\u00f3n de postgrado con criterios de calidad similares a los de otras instituciones de prestigio nacional e internacional, fomentando, entre otros objetivos, los siguientes:<\/p>\n<ul>\n<li>Dar una formaci\u00f3n completa a los estudiantes en todas las facetas vinculadas a los sistemas electr\u00f3nicos de computaci\u00f3n, control y comunicaci\u00f3n actuales, desde un punto de vista de:\n<ul>\n<li><img loading=\"lazy\" decoding=\"async\" class=\"alignright wp-image-242 size-medium\" src=\"https:\/\/www.iuma.ulpgc.es\/meta\/wp-content\/uploads\/2015\/04\/objetivos_2-300x224.jpg\" alt=\"Objetivos- competencias del M\u00e1ster en Tecnolog\u00edas de Telecomunicaci\u00f3n\" width=\"300\" height=\"224\" srcset=\"https:\/\/www.iuma.ulpgc.es\/meta\/wp-content\/uploads\/2015\/04\/objetivos_2-300x224.jpg 300w, https:\/\/www.iuma.ulpgc.es\/meta\/wp-content\/uploads\/2015\/04\/objetivos_2.jpg 550w\" sizes=\"auto, (max-width: 300px) 100vw, 300px\" \/>la investigaci\u00f3n fundamental, orientada a la b\u00fasqueda de nuevos resultados te\u00f3ricos y experimentales de gran relevancia, as\u00ed como a la creaci\u00f3n de nuevas l\u00edneas de investigaci\u00f3n<\/li>\n<li>investigaci\u00f3n aplicada, orientada a los retos y problemas tecnol\u00f3gicos que presenta la sociedad, y a la transferencia tecnol\u00f3gica de alta calidad<\/li>\n<\/ul>\n<\/li>\n<li>Favorecer la integraci\u00f3n de los estudiantes de este m\u00e1ster en departamentos de I+D de empresas del sector y en los centros e instituciones p\u00fablicas y privadas de investigaci\u00f3n, as\u00ed como en grupos de trabajo de investigaci\u00f3n nacionales e internacionales, actuando como cient\u00edficos y tecn\u00f3logos insertados en la \u201ccomunidad cient\u00edfica internacional\u201d, en esta \u00e1rea.<\/li>\n<li>Proporcionar a los estudiantes los conocimientos necesarios para difundir y proteger de manera efectiva los resultados y conocimientos adquiridos en el curso de toda investigaci\u00f3n, tanto en publicaciones como en conferencias y debates, y tanto en patentes como en otros procedimientos de secreto industrial y protecci\u00f3n de la propiedad intelectual e industrial, para una mejor transferencia tecnol\u00f3gica en el entorno de centros de investigaci\u00f3n y centros tecnol\u00f3gicos, y de las propias empresas.<\/li>\n<\/ul>\n<p><strong>Competencias<\/strong><\/p>\n<p>Los estudiantes deben adquirir durante sus estudios una serie de competencias que son exigibles para poder otorgar el t\u00edtulo de M\u00e1ster de Investigaci\u00f3n en Electr\u00f3nica y Telecomunicaci\u00f3n Aplicadas.<\/p>","protected":false},"excerpt":{"rendered":"<p>Objetivos A lo largo del curso se adquirir\u00e1n capacidades, tanto desde el punto de vista metodol\u00f3gico como instrumental, que facilitan al estudiante su inserci\u00f3n en departamentos de investigaci\u00f3n de empresas del sector, o la continuaci\u00f3n de su investigaci\u00f3n en el desarrollo de un tema de inter\u00e9s encaminado a obtener el t\u00edtulo de doctor. Para ello, [&hellip;]<\/p>","protected":false},"author":1,"featured_media":242,"parent":0,"menu_order":0,"comment_status":"closed","ping_status":"closed","template":"","meta":{"footnotes":""},"class_list":["post-1326","page","type-page","status-publish","has-post-thumbnail","czr-hentry"],"_links":{"self":[{"href":"https:\/\/www.iuma.ulpgc.es\/meta\/wp-json\/wp\/v2\/pages\/1326","targetHints":{"allow":["GET"]}}],"collection":[{"href":"https:\/\/www.iuma.ulpgc.es\/meta\/wp-json\/wp\/v2\/pages"}],"about":[{"href":"https:\/\/www.iuma.ulpgc.es\/meta\/wp-json\/wp\/v2\/types\/page"}],"author":[{"embeddable":true,"href":"https:\/\/www.iuma.ulpgc.es\/meta\/wp-json\/wp\/v2\/users\/1"}],"replies":[{"embeddable":true,"href":"https:\/\/www.iuma.ulpgc.es\/meta\/wp-json\/wp\/v2\/comments?post=1326"}],"version-history":[{"count":4,"href":"https:\/\/www.iuma.ulpgc.es\/meta\/wp-json\/wp\/v2\/pages\/1326\/revisions"}],"predecessor-version":[{"id":1417,"href":"https:\/\/www.iuma.ulpgc.es\/meta\/wp-json\/wp\/v2\/pages\/1326\/revisions\/1417"}],"wp:featuredmedia":[{"embeddable":true,"href":"https:\/\/www.iuma.ulpgc.es\/meta\/wp-json\/wp\/v2\/media\/242"}],"wp:attachment":[{"href":"https:\/\/www.iuma.ulpgc.es\/meta\/wp-json\/wp\/v2\/media?parent=1326"}],"curies":[{"name":"wp","href":"https:\/\/api.w.org\/{rel}","templated":true}]}}