{"id":1823,"date":"2022-10-27T08:41:53","date_gmt":"2022-10-27T08:41:53","guid":{"rendered":"https:\/\/www.iuma.ulpgc.es\/meta\/?page_id=1823"},"modified":"2022-11-07T09:20:59","modified_gmt":"2022-11-07T09:20:59","slug":"personas-de-contacto-meta","status":"publish","type":"page","link":"https:\/\/www.iuma.ulpgc.es\/meta\/personas-de-contacto-meta\/","title":{"rendered":"Personas de contacto"},"content":{"rendered":"<h2 class=\"has-text-align-left wp-block-heading\">Coordinador del META. <\/h2>\n\n\n\n<!-- COORDINADOR META -->\n    <div class=\"tarjeta-direccion-iuma\">\n        <div class=\"fotos-direccion-iuma\">\n            <img decoding=\"async\" src=\"https:\/\/www.iuma.ulpgc.es\/wp-content\/uploads\/2021\/01\/FernandoDelapuente_r.jpg\">\n        <\/div>\n        <div class=\"caja_descripcion_cargo\">\n            <div class=\"nombre_persona\">Dr. Fernando de la Puente Arrate<\/div>\n            <div class=\"nombre_cargo\">Coordinador M\u00e1ster en Electr\u00f3nica y Telecomunicaciones Aplicadas (META)<\/div>\n            <div class=\"nombre_cargo\">&nbsp;<\/div>\n            <span class=\"etiqueta_campo\">Tel\u00e9fono: <\/span>928 458 048<br>\n            <span class=\"etiqueta_campo\">Correo:&nbsp;<\/span>\n            <a href=\"mailto:fpuente@iuma.ulpgc.es\">fpuente@iuma.ulpgc.es<\/a>\n            <br>\n            <span class=\"etiqueta_campo\">Despacho: <\/span>Edificio de Electr\u00f3nica y Telecomunicaci\u00f3n <span>\u2015<\/span> Pabell\u00f3n C\n            <br>\n        <\/div>\n    <\/div>\n\n\n\n<h2 class=\"wp-block-heading\">Coordinador de Calidad<\/h2>\n\n\n\n    <!-- SUBDIRECTOR DE CALIDAD DEL IUMA -->\n    <div class=\"tarjeta-direccion-iuma\">\n        <div class=\"fotos-direccion-iuma\">\n            <img decoding=\"async\" src=\"https:\/\/www.iuma.ulpgc.es\/wp-content\/uploads\/2021\/01\/MiguelAngel_r.jpg\">\n        <\/div>\n        <div class=\"caja_descripcion_cargo\">\n            <div class=\"nombre_persona\">Dr. Miguel \u00c1ngel Padr\u00f3n Medina<\/div>\n            <div class=\"nombre_cargo\">Subdirector de calidad del IUMA<\/div>\n            <div class=\"nombre_cargo\">&nbsp;<\/div>\n            <span class=\"etiqueta_campo\">Tel\u00e9fono: <\/span>928 454 474<br>\n            <span class=\"etiqueta_campo\">Correo:&nbsp;<\/span>\n            <a href=\"mailto:scalidad@iuma.ulpgc.es\">scalidad@iuma.ulpgc.es<\/a>\n            <br>\n            <span class=\"etiqueta_campo\">Despacho: <\/span>Edificio de Ingenier\u00edas\n            <br>\n        <\/div>\n    <\/div>\n\n\n\n<h2 class=\"wp-block-heading\">Administraci\u00f3n del META<\/h2>\n\n\n\n<!-- ADMINISTRACI\u00d3N META -->\n    <div class=\"tarjeta-direccion-iuma\">\n        <div class=\"fotos-direccion-iuma\">\n            <img decoding=\"async\" src=\"https:\/\/www.iuma.ulpgc.es\/wp-content\/uploads\/2021\/02\/zPerfilSinFoto.jpg\">\n        <\/div>\n        <div class=\"caja_descripcion_cargo\">\n            <div class=\"nombre_persona\">D\u00f1a. Luc\u00eda Estrella Del Rosario L\u00f3pez<\/div>\n            <div class=\"nombre_cargo\">Administrativa<\/div>\n            <div class=\"nombre_cargo\">&nbsp;<\/div>\n            <span class=\"etiqueta_campo\">Tel\u00e9fono: <\/span>928 451 086<br>\n            <span class=\"etiqueta_campo\">Correo:&nbsp;<\/span>\n            <a href=\"mailto:lucia.delrosario@ulpgc.es\">lucia.delrosario@ulpgc.es<\/a>\n            <br>\n            <span class=\"etiqueta_campo\">Despacho: <\/span>Edificios Perif\u00e9ricos y Apoyo a los Institutos Universitarios de Investigaci\u00f3n<span>\n            <br>\n        <\/span><\/div>\n    <\/div>\n\n\n\n<style>\n.tarjeta-direccion-iuma{\n    display: table;\n    width: 80%;\n    margin: 0 0 16px 0;\n    padding: 16px 0 12px 16px;\n    border-top: 0;\n    border-left: 0px solid;\n    border-bottom: 0;\n    border-right: 0;\n    border-color: rgb(64,98,141);\n    background: linear-gradient(to right, #eee, white);\n}\n\n.tarjeta-direccion-iuma-director-division{\n    display: table;\n    width: 80%;\n    margin: 0 0 16px 0;\n    padding: 16px 0 12px 16px;\n    border-top: 0;\n    border-left: 0px solid;\n    border-bottom: 0;\n    border-right: 0;\n    border-color: rgb(64,98,141);\n}\n\n.fotos-direccion-iuma{\n    display: table-cell;\n    margin: 0;\n    padding: 0;\n    padding-right: 20px;\n    width: 142px;\n}\n\n.fotos-direccion-iuma img{\n    max-width: 122px;\n    max-width: 100%;\n    height: auto;\n}\n\n.caja_descripcion_cargo a{\n    color: #0066A1;\n    font-weight: 700;\n    text-decoration: underline; \n    font-weight: bold;\n    font-size: 1rem; \n    font-family: 'Open Sans', sans-serif !important;\n}\n\n.caja_descripcion_cargo a:hover{\n    color: #FFA100;\n}\n\n.caja_descripcion_cargo {\n    font-family: 'Open Sans', sans-serif !important;\n    font-weight: 400;\n    font-size: 1rem;\n    line-height: 1.5rem;\n    text-rendering: optimizeLegibility;      \n    color:#565a5c;\n    display: table-cell;\n    vertical-align: top;\n    text-align: left !important;\n    margin: 0;\n}\n\n.nombre_persona { \n\tfont-weight: 400; \n\ttext-align: left;\n    color: black;\n    font-family: 'Open Sans', sans-serif !important;\n    padding-top: 20px;\n    \n}\n\n.nombre_cargo { \n   color: rgb(64,98,141);\n   font-weight: 700;\n   font-size:0.875em;\n   line-height: 20px;\n   margin-bottom: 8px;\n   font-family: 'Open Sans', sans-serif !important;\n}\n\n.nombre_cargo:last-of-type {\n    line-height: 0px;\n    margin-bottom: 0px;\n    font-family: 'Open Sans', sans-serif !important;\n}\n\n.etiqueta_campo { \n    color: black;\n    font-weight: 400;\n    font-family: 'Open Sans', sans-serif !important;\n }\n\n@media(max-width: 640px){\n    .fotos-direccion-iuma img{\n        display: table-cell;\n        height: 80px;\n        max-width: 60px;\n        margin-top: 25px;\n    }\n\n    .fotos-direccion-iuma{\n        display: table-cell;\n        width: 60px;\n    }\n}\n<\/style>","protected":false},"excerpt":{"rendered":"<p>Coordinador del META. Dr. Fernando de la Puente Arrate Coordinador M\u00e1ster en Electr\u00f3nica y Telecomunicaciones Aplicadas (META) &nbsp; Tel\u00e9fono: 928 458 048 Correo:&nbsp; fpuente@iuma.ulpgc.es Despacho: Edificio de Electr\u00f3nica y Telecomunicaci\u00f3n \u2015 Pabell\u00f3n C Coordinador de Calidad Dr. Miguel \u00c1ngel Padr\u00f3n Medina Subdirector de calidad del IUMA &nbsp; Tel\u00e9fono: 928 454 474 Correo:&nbsp; scalidad@iuma.ulpgc.es Despacho: Edificio [&hellip;]<\/p>","protected":false},"author":3,"featured_media":0,"parent":0,"menu_order":0,"comment_status":"closed","ping_status":"closed","template":"","meta":{"footnotes":""},"class_list":["post-1823","page","type-page","status-publish","czr-hentry"],"_links":{"self":[{"href":"https:\/\/www.iuma.ulpgc.es\/meta\/wp-json\/wp\/v2\/pages\/1823","targetHints":{"allow":["GET"]}}],"collection":[{"href":"https:\/\/www.iuma.ulpgc.es\/meta\/wp-json\/wp\/v2\/pages"}],"about":[{"href":"https:\/\/www.iuma.ulpgc.es\/meta\/wp-json\/wp\/v2\/types\/page"}],"author":[{"embeddable":true,"href":"https:\/\/www.iuma.ulpgc.es\/meta\/wp-json\/wp\/v2\/users\/3"}],"replies":[{"embeddable":true,"href":"https:\/\/www.iuma.ulpgc.es\/meta\/wp-json\/wp\/v2\/comments?post=1823"}],"version-history":[{"count":14,"href":"https:\/\/www.iuma.ulpgc.es\/meta\/wp-json\/wp\/v2\/pages\/1823\/revisions"}],"predecessor-version":[{"id":1896,"href":"https:\/\/www.iuma.ulpgc.es\/meta\/wp-json\/wp\/v2\/pages\/1823\/revisions\/1896"}],"wp:attachment":[{"href":"https:\/\/www.iuma.ulpgc.es\/meta\/wp-json\/wp\/v2\/media?parent=1823"}],"curies":[{"name":"wp","href":"https:\/\/api.w.org\/{rel}","templated":true}]}}